highest common divisor of 20 and 10780?
20
Calculate the highest common divisor of 588 and 132.
12
What is the greatest common factor of 6 and 69?
3
What is the greatest common divisor of 806 and 1742?
26
Calculate the highest common factor of 36 and 300.
12
Calculate the greatest common divisor of 4469 and 41.
41
Calculate the highest common factor of 1150 and 50.
50
What is the highest common factor of 572 and 44?
44
Calculate the highest common factor of 468 and 13689.
117
Calculate the greatest common factor of 87 and 77082.
87
Calculate the highest common divisor of 10959 and 39.
39
What is the greatest common divisor of 119 and 391?
17
Calculate the greatest common factor of 7 and 1799.
7
What is the greatest common factor of 1496 and 33?
11
What is the highest common factor of 30 and 4680?
30
What is the highest common factor of 2479 and 74?
37
Calculate the greatest common factor of 72 and 936.
72
What is the greatest common divisor of 399 and 57?
57
What is the highest common divisor of 1881 and 9?
9
What is the highest common divisor of 8424 and 72?
72
What is the greatest common divisor of 630 and 2490?
30
What is the greatest common divisor of 13995 and 45?
45
What is the greatest common factor of 150 and 11850?
150
What is the greatest common divisor of 140 and 56?
28
What is the greatest common divisor of 68 and 2397?
17
Calculate the greatest common divisor of 148 and 28.
4
What is the greatest common factor of 209 and 38?
19
Calculate the greatest common factor of 287 and 205.
41
Calculate the greatest common factor of 507 and 1677.
39
Calculate the greatest common factor of 154 and 1442.
14
Calculate the highest common factor of 36 and 4500.
36
What is the greatest common factor of 32 and 84384?
32
Calculate the greatest common divisor of 496 and 352.
16
Calculate the greatest common divisor of 11 and 5951.
11
What is the highest common divisor of 17 and 2?
1
Calculate the greatest common divisor of 1 and 52.
1
What is the highest common factor of 4717 and 178?
89
What is the greatest common divisor of 35 and 91?
7
Calculate the highest common factor of 9 and 5.
1
What is the highest common divisor of 1136 and 16?
16
What is the highest common divisor of 279 and 7440?
93
What is the greatest common factor of 104 and 3029?
13
What is the greatest common divisor of 69 and 1311?
69
What is the greatest common factor of 602 and 817?
43
Calculate the highest common divisor of 1786 and 2.
2
What is the highest common factor of 32744 and 16?
8
What is the highest common divisor of 49 and 343?
49
What is the greatest common factor of 22 and 4928?
22
Calculate the highest common divisor of 364 and 392.
28
Calculate the highest common factor of 436 and 545.
109
What is the highest common factor of 68 and 1139?
17
What is the greatest common factor of 680 and 49300?
340
Calculate the greatest common divisor of 1444 and 836.
76
What is the greatest common factor of 21 and 6104?
7
Calculate the highest common factor of 784 and 1008.
112
Calculate the highest common divisor of 27237 and 42.
21
What is the highest common factor of 168 and 3?
3
What is the greatest common divisor of 65 and 1105?
65
Calculate the greatest common factor of 45 and 360.
45
Calculate the greatest common factor of 3456 and 108.
108
Calculate the highest common factor of 583 and 11.
11
Calculate the greatest common factor of 152 and 570.
38
What is the highest common divisor of 136 and 34?
34
What is the greatest common divisor of 485 and 135?
5
Calculate the greatest common factor of 342 and 18.
18
What is the greatest common divisor of 312 and 3536?
104
What is the greatest common divisor of 6565 and 65?
65
Calculate the highest common divisor of 5082 and 126.
42
Calculate the highest common factor of 124 and 310.
62
What is the highest common factor of 306 and 36?
18
What is the greatest common factor of 14 and 8540?
14
What is the greatest common divisor of 108 and 30?
6
What is the highest common divisor of 110 and 66?
22
What is the highest common divisor of 232 and 754?
58
Calculate the greatest common divisor of 6201 and 351.
117
Calculate the highest common factor of 121 and 275.
11
Calculate the highest common factor of 97 and 1843.
97
What is the greatest common factor of 3 and 12?
3
Calculate the highest common divisor of 285 and 75.
15
What is the greatest common divisor of 28177 and 19?
19
Calculate the highest common divisor of 460 and 60.
20
What is the greatest common factor of 486 and 12?
6
What is the greatest common factor of 80 and 280?
40
Calculate the greatest common factor of 42 and 63.
21
What is the highest common divisor of 32 and 2?
2
Calculate the greatest common divisor of 80 and 112.
16
What is the greatest common divisor of 19980 and 216?
108
Calculate the greatest common divisor of 820 and 60.
20
What is the highest common divisor of 1520 and 20?
20
Calculate the greatest common factor of 70 and 30.
10
Calculate the greatest common factor of 34998 and 114.
114
Calculate the highest common divisor of 275 and 11.
11
Calculate the greatest common divisor of 20 and 170.
10
Calculate the greatest common factor of 112 and 200.
8
What is the greatest common divisor of 532 and 224?
28
Calculate the highest common factor of 5 and 27.
1
Calculate the highest common factor of 14 and 14.
14
What is the greatest common divisor of 18 and 162?
18
Calculate the greatest common divisor of 405 and 5.
5
What is the greatest common divisor of 19856 and 1088?
272
What is the greatest common factor of 15 and 15?
15
Calculate the highest common divisor of 68 and 20.
4
What is the greatest common divisor of 329 and 469?
7
Calculate the greatest common factor of 7848 and 24.
24
What is the greatest common factor of 11 and 2453?
11
What is the highest common factor of 200 and 712?
8
Calculate the greatest common factor of 224 and 28.
28
What is the highest common factor of 20 and 545?
5
What is the greatest common divisor of 1206 and 938?
134
Calculate the highest common divisor of 432 and 288.
144
Calculate the greatest common divisor of 12702 and 511.
73
What is the highest common divisor of 54 and 47898?
54
Calculate the greatest common factor of 46 and 92.
46
Calculate the greatest common divisor of 64 and 24.
8
Calculate the greatest common factor of 366 and 14.
2
What is the highest common divisor of 5 and 445?
5
What is the greatest common factor of 76 and 304?
76
Calculate the highest common factor of 90 and 1521.
9
What is the greatest common divisor of 8003 and 453?
151
What is the greatest common factor of 18 and 34?
2
Calculate the greatest common factor of 16 and 232.
8
Calculate the highest common divisor of 1199 and 737.
11
Calculate the highest common divisor of 15 and 207.
3
Calculate the greatest common factor of 510 and 30.
30
Calculate the highest common divisor of 2743 and 39.
13
Calculate the highest common divisor of 25 and 65.
5
What is the greatest common divisor of 50600 and 44?
44
What is the greatest common divisor of 30 and 24?
6
What is the highest common factor of 1725 and 69?
69
What is the greatest common factor of 6384 and 7?
7
Calculate the greatest common factor of 129 and 2021.
43
What is the highest common factor of 33 and 3410?
11
What is the highest common factor of 135 and 1440?
45
What is the greatest common divisor of 19 and 31483?
19
Calculate the highest common divisor of 288 and 63.
9
What is the greatest common factor of 3321 and 164?
41
What is the highest common factor of 17578 and 154?
22
What is the highest common divisor of 72 and 144?
72
What is the greatest common factor of 20 and 470?
10
What is the greatest common factor of 325 and 3325?
25
Calculate the greatest common factor of 1435 and 82.
41
Calculate the highest common factor of 28 and 476.
28
What is the highest common divisor of 8600 and 125?
25
What is the highest common factor of 42 and 2163?
21
What is the highest common factor of 1725 and 75?
75
What is the highest common divisor of 700 and 50?
50
What is the highest common divisor of 36 and 162?
18
What is the highest common factor of 260 and 1352?
52
Calculate the greatest common factor of 6075 and 18.
9
Calculate the highest common factor of 182 and 78.
26
Calculate the greatest common